ided by 54/(-81)*(1 - 28).
17
Let j = 32 - 5. Let h = 154 - 75. Calculate the remainder when h is divided by j.
25
Calculate the remainder when ((-150)/(-21))/(1/7) is divided by 17.
16
Suppose 0 = 2*h + v + 3*v - 38, v + 63 = 2*h. What is the remainder when h is divided by 10?
9
Let i = 48 - 34. Let y = 2 - -2. Suppose 25 = y*l + 5*c, 2*l = -l + 3*c + 12. What is the remainder when i is divided by l?
4
Let c(i) = i**2 + 9*i + 7. Let u = -13 - -5. Let f be c(u). Calculate the remainder when 41/((2 - f)/3) is divided by 14.
13
Let m(x) = x**2 - 3*x - 16. Calculate the remainder when 5*4 + (-2)/(-1) is divided by m(7).
10
Suppose -5*p - 70 = -0*p. Let v = p - -81. Suppose j + 3*j - 92 = 0. What is the remainder when v is divided by j?
21
Let u(r) = 5*r + 3. Let d be u(3). Suppose -y + 2*q = -5 - 1, 2*y = -2*q + d. What is the remainder when y is divided by 3?
2
Suppose 5*s - 5 = -2*z + 2, -z - 1 = s. Calculate the remainder when s is divided by 2.
1
Let l be (0 - (0 - -1)) + 27. Suppose -5*p - l = -a, 0*a - 5*a + p = -82. Let v = a - 8. Calculate the remainder when v is divided by 3.
2
Let v = -4 + 0. Let i(u) = -5*u**2 + 2 - 2 - 2 - u**3 - 6*u. What is the remainder when 16 is divided by i(v)?
4
Let g be (-1 - -2)*(1 - -2). Suppose r = -g*u + 3*r + 74, -3*u = -r - 79. Let d = 7 - -3. Calculate the remainder when u is divided by d.
8
Let g(k) = 7*k + 10. Let s(a) = -8*a - 10. Let q(o) = -4*g(o) - 3*s(o). What is the remainder when q(-8) is divided by 12?
10
Let i be 0/(1 - -1) - -2. Let b be (0 + 0)/(2 + -1). Let u = i - b. Calculate the remainder when 2 is divided by u.
0
Let a = 16 + -12. Suppose -5*m + 2*m - 3*t + 21 = 0, -a*t = -16. What is the remainder when m is divided by 2?
1
Let c(q) = 2*q**2 + 6*q - 2. Calculate the remainder when 8 is divided by c(-4).
2
Suppose 3*j + 14 = -1. Let n be 0 + (-1 + 0)*j. Suppose 3*r + 5*o = 30, -n*o + 2*o + 30 = 3*r. Calculate the remainder when 38 is divided by r.
8
Let f = 39 - 35. Calculate the remainder when 7 is divided by f.
3
Let u(y) = y**3 + 8*y**2 + 6*y - 6. Let b be u(-7). Let r be ((-28)/6)/(b/(-3)). Let p = 23 - r. What is the remainder when 26 is divided by p?
8
Suppose 0 = -s + 10*s - 18. Calculate the remainder when 13 is divided by s.
1
Suppose -825 = -5*d + 4*f, d - 149 = 4*f + 16. Suppose -2*h - 3*h = -d. Suppose 0 = 2*n - 5*n + h. Calculate the remainder when 32 is divided by n.
10
Let u(p) = 6*p**2 - 9*p - 10. Calculate the remainder when u(5) is divided by 32.
31
Let m(q) = q**3 - 2*q - 1. Let t be m(2). Suppose x - 4*y - 34 = -x, 2*x = -t*y + 41. What is the remainder when 37 is divided by x?
18
Suppose 4*v + 6 = 30. Let l(d) = d**3 - 6*d**2 - d + 8. Suppose 3*j + 19 = -5*p, 0 = -3*j - 2*j + 4*p + 30. What is the remainder when j is divided by l(v)?
0
Let i(r) = -r**2 + 11*r + 9. Let l = -12 - -19. Suppose 0 = 2*q - l - 13. Calculate the remainder when 55 is divided by i(q).
17
Let y(q) = -2*q**3 + 24*q**2 - 50*q + 23. Let l = 38 + -22. Calculate the remainder when y(9) is divided by l.
11
Let c = -29 + 36. What is the remainder when 20 is divided by c?
6
Let l(r) = -r**3 + 8*r**2 - 7*r + 7. Let v be l(7). Let p = v - -2. What is the remainder when 15 is divided by p?
6
Let u = 135 + -65. Calculate the remainder when u is divided by 36.
34
Suppose 0 = -4*p + 287 + 173. Calculate the remainder when p is divided by 39.
37
Suppose -5*h = -10*h + 170. Calculate the remainder when h is divided by 7.
6
Let l(v) = -v**2 - 20*v + 15. Let z be l(-13). Suppose 0 = 4*j - 42 - z. Calculate the remainder when j is divided by 13.
11
Suppose -4*n - 15 = -2*a - 7*n, -2*n = -5*a + 85. Let d = 109 + -50. What is the remainder when d is divided by a?
14
Let o(g) = g - 4. Let t be o(2). Let i be t/2 + -1 + -4. Let z = 5 - i. What is the remainder when 20 is divided by z?
9
Let d be (3/2)/((-2)/(-8)). Let m be 1 - -3*d/9. What is the remainder when (m - 2)/(-2)*-14 is divided by 3?
1
Let z(p) = 16*p**2 + 4*p + 3. What is the remainder when z(-2) is divided by 20?
19
Let j(b) = -2*b + 3. Let c be (2*-1)/(8/20). Calculate the remainder when 38 is divided by j(c).
12
Let d = -1 - -18. What is the remainder when 31 is divided by d?
14
Let h(l) = -l**2 + 11*l - 8. Let f be h(10). Let t be 2/3 - (-2)/6. Calculate the remainder when 23 is divided by 14 + (f - 5) + t.
11
Calculate the remainder when 616/10 - (36/(-15) - -2) is divided by 33.
29
Let s(q) = -q**3 + 4*q**2 + q - 3. Let j be s(3). Let k = 40 + j. Calculate the remainder when k is divided by 13.
10
Suppose 5*j - 4*t - 22 = -0, 0 = -4*j - t + 26. What is the remainder when (10 - j) + -1 + 6 is divided by 4?
1
Let m = -20 + 38. Calculate the remainder when 71 is divided by m.
17
Suppose -4*x = 5*f - 47, 35 = 3*x - 3*f - 7. Let y = x - 5. What is the remainder when 30 is divided by y?
6
Let p(u) = u + 23. Calculate the remainder when 328/12 - 1/3 is divided by p(-13).
7
Let b be (-13)/3 + (-8)/12. Calculate the remainder when 32 is divided by (3 + b/(-2))*2.
10
Suppose 2*g = 3*g - 6. Suppose -3*l + 2*q - g*q = -26, q = -5*l + 32. What is the remainder when 11 is divided by l?
5
Let k = -12 + 22. Suppose -2*a + 2 = a + 2*r, 0 = 2*a + 2*r + 2. What is the remainder when k is divided by a?
2
Let b = -110 + 233. Let c = b + -86. Suppose 0 = 4*v - v - 39. Calculate the remainder when c is divided by v.
11
Let s(f) = 12*f - 2. Let i be s(7). Suppose -4*y - i + 226 = 0. What is the remainder when y is divided by 13?
10
Let d(u) = -5*u**3 - 2*u**2 + 1. Let g be d(-1). Let a(r) = 9*r**2 - 4*r - 5. Let z be a(g). What is the remainder when ((-4)/(-6))/(2/z) is divided by 14?
13
Suppose 3*t - 51 = f - 3*f, -3*f = -9. Suppose a + t = 6*a. Calculate the remainder when 10 is divided by a.
1
Let l(x) = x**3 - 5*x**2 - 5*x - 1. What is the remainder when l(6) is divided by 4?
1
Suppose -3*b + 92 = b. Calculate the remainder when b is divided by 6.
5
Let p be 3/(-3*(-1)/4). Suppose 4*k = p, 0 = -2*g - 3*k - k + 10. Calculate the remainder when g is divided by (2/(-5))/((-1)/5).
1
Let i(r) = 2*r - 8 + 7*r - 1 - r**2. Calculate the remainder when 34 is divided by i(6).
7
What is the remainder when 59 - ((-4)/10 - 108/(-45)) is divided by 20?
17
Let r be -104 - (0 + 0)/(-1). What is the remainder when 9 is divided by (-2)/10 + r/(-20)?
4
What is the remainder when 2*(105/6 + -3) is divided by (-1)/((-2)/8)*2?
5
Let x = -12 - -23. Let h = -6 + x. Calculate the remainder when 18 is divided by h.
3
Suppose -2*w - 55 = -5*r + 2*w, -r + 17 = -2*w. Let g(n) = -n**2 + 7*n + 9. What is the remainder when 24 is divided by g(r)?
6
Suppose -6*h = -25 - 29. Calculate the remainder when h is divided by 4.
1
Let x = 2 - -1. Suppose -234 = -5*t + 3*k, x*t - 78 = -4*k + 74. Calculate the remainder when t is divided by 25.
23
What is the remainder when (-572)/(-55) + (-3)/(-5) is divided by 3?
2
Let p(s) = s**3 + 13*s**2 - 30*s + 38. What is the remainder when p(-15) is divided by 13?
12
Let o = 21 + -16. Suppose -o*v - 39 = -n, 4*n - 210 = -4*v + 42. Calculate the remainder when n is divided by 20.
19
Let a = 2 - 2. Let p(y) = y**3 + y**2 - y + 6. What is the remainder when 10 is divided by p(a)?
4
What is the remainder when (73*-1)/((-5)/5) is divided by 19?
16
Let p(m) = -5*m. Let y be p(-6). Let c be (-2)/(-6) + y/18. Suppose -5*o + 55 = -5*s, c*o - 4*s = 6 + 12. Calculate the remainder when o is divided by 7.
6
Let h(w) = -w**3 - 9*w**2 - 11*w + 1. Calculate the remainder when 96 is divided by h(-8).
21
Let u(y) = -2*y**3 + 16*y**2 + 3*y - 8. Calculate the remainder when 30 is divided by u(8).
14
Let u = 8 - 6. Suppose -3*c - u*c = -85. Calculate the remainder when c is divided by 5.
2
Suppose 2*p - 228 = -3*p - 3*a, 226 = 5*p + a. Calculate the remainder when p is divided by (15 + 4 - 2) + -1.
13
Suppose -5*d - m + 73 = 0, 3*d - 43 = -0*d - m. Let h(a) = -3*a + 11. Let n be h(-8). Suppose -2*u + n = -23. Calculate the remainder when u is divided by d.
14
Let t(f) = -f**2 + 15*f + 20. Let c = -30 + 37. What is the remainder when t(14) is divided by c?
6
Suppose -27 = 12*h - 13*h. Calculate the remainder when 213 is divided by h.
24
What is the remainder when 46 is divided by ((-20)/50)/((-1)/30)?
10
Let i = 5 - -5. Calculate the remainder when 38 is divided by i.
8
Calculate th